t = -5*q + m, -5*q - 3 = t - 10. What are the prime factors of (-3)/15*-5*68/q?
2, 17
Let q(t) = t**3 + 32*t**2 - 74*t - 175. Let a be q(-34). Suppose -2*b = 2*g - a - 3, 0 = 3*b - 3*g - 42. What are the prime factors of b?
3, 5
Suppose -939 = -4*u - 15. Suppose -4*b = 2*w - 1186, 5*b - 4*w - 1681 = -u. What are the prime factors of b?
2, 3, 7
Let l = -39476 + 75538. List the prime factors of l.
2, 13, 19, 73
Let p(x) = -x**2 - 3*x. Let y be p(-2). Suppose -2*q = 6*s - s - 460, 4*s + y*q = 368. Suppose -6*n - s = -10*n. What are the prime factors of n?
23
Let o(n) = 184*n**2 + 26*n + 409. What are the prime factors of o(-9)?
17, 887
Let y be -28 + 1/(2/8). Let k = -19 - y. Suppose k*j - 465 = -5*c, -j + c = -24 - 67. What are the prime factors of j?
2, 23
Suppose 5409 = 12*h - 27. List the prime factors of h.
3, 151
Let i(m) = 42*m + 3. Suppose 61 = 4*u + 6*p - 11*p, -p - 5 = 0. List the prime factors of i(u).
3, 127
List the prime factors of (-132)/(-1122) - (-184359)/51.
3, 5, 241
What are the prime factors of ((-117198)/(-170))/((-4)/(-260))?
3, 13, 383
Suppose -i + 4*y = -3037, 5*i + 3*y + 607 = 15769. What are the prime factors of i?
3, 337
Suppose -1450*f = -1442*f - 68064. List the prime factors of f.
2, 3, 709
What are the prime factors of 197048/28 + -4 - (-40)/70?
2, 3517
Let p(z) = -96*z - 294. Suppose 0*f - 27 = 2*d + f, f + 13 = -d. List the prime factors of p(d).
2, 3, 5, 7
What are the prime factors of (-6902 - 56)/(6/(-51)) + 1?
2, 7393
Let d = 205645 + -145739. List the prime factors of d.
2, 7, 11, 389
Let w(k) = -k**3 + 3*k**2 + 2*k - 17. Let p be w(6). Let n = p + 758. What are the prime factors of n?
3, 5, 43
Let s(v) = 0 + 20*v - 8*v + 3 - 13*v**2 + v**3. Let i be s(12). Suppose j - 3 = -4, -i*c + 698 = -2*j. List the prime factors of c.
2, 29
Suppose 28*w - 657050 - 722860 = -14*w. What are the prime factors of w?
5, 6571
Let p = 162 + -138. Suppose p*n = 3947 + 8965. List the prime factors of n.
2, 269
Let i be (1 + -3 + 5)*(-3 - -4). What are the prime factors of (2530/77)/(i/(-7))*-15?
2, 5, 23
Let t(b) = -391*b + 13 - 390*b - 388*b + 1554*b - 389*b. Suppose -3*k = -0*k + 18. List the prime factors of t(k).
37
Suppose 2*t + 3*t + 4*b = -16, 3*t + 2*b + 8 = 0. Suppose -4*z - 3*z = t. Suppose 4*m + 5*o - 105 = z, -2*m = -0*m - o - 35. What are the prime factors of m?
2, 5
Let y(d) = 8*d**2 - 3*d + 4. Suppose 4*a = g - 4*g - 8, -5*a = 5*g + 10. Let f be (-5)/a + 0 + 6/12. List the prime factors of y(f).
67
Suppose -98*w + 4335 = -95*w. Let i = -868 + w. What are the prime factors of i?
577
Let b = 75031 + -48806. What are the prime factors of b?
5, 1049
Let j(q) be the second derivative of 5*q**4/6 - q**3/2 + q**2 + 12*q. Let r be j(1). What are the prime factors of -8*138/r*(-15)/20?
2, 23
Suppose -66348 = -3*v + 5*x, -5*v + 5*x = -133750 + 23150. What are the prime factors of v?
2, 13, 23, 37
Let u(b) = -1388*b + 204. List the prime factors of u(-7).
2, 5, 31
What are the prime factors of (-631164)/(-48) + (-7)/(-4)?
13151
Suppose 5*b - 13 - 5 = 2*v, 2*b + 2*v = 10. Let o be (-437)/(-92) - (-1)/b. Suppose l - 4*q - 132 = 0, -4*l - l + 535 = o*q. What are the prime factors of l?
2, 7
Suppose -5*s = -5*i - 29535, s + 4*i - 3846 - 2061 = 0. List the prime factors of s.
3, 11, 179
Let g(l) = 4*l - 6. Suppose -16*i = -10*i - 90. Suppose -r + 18 = 4*z, r = -r - z + i. List the prime factors of g(r).
2, 3
Let f = 3691 - -5501. List the prime factors of f.
2, 3, 383
Suppose 25*o + 630 + 445 = 0. What are the prime factors of (33927/o)/((-6)/8)?
2, 263
Let x = -8108 - -12417. List the prime factors of x.
31, 139
Suppose 0 = -3*f + 3*z - 1695, -2*z - 2266 = 4*f - 3*z. Let i = -257 - f. What are the prime factors of i?
2, 5, 31
Suppose 2*k + 2*c - 36340 = 0, -4*c = 8*k - 7*k - 18188. List the prime factors of k.
2, 19, 239
Let m(w) = w**2 - w - 8. Let d be m(6). Suppose -21*k + d*k = 26. Suppose -3*p = -6, -4*y - 5*p + k = -148. What are the prime factors of y?
41
List the prime factors of (-90)/40 - (-20717)/4.
31, 167
Let i = 63661 + -23355. List the prime factors of i.
2, 7, 2879
Suppose -100 = -4*u - 80. Suppose u*o + 465 = -30. Let w = o + 167. What are the prime factors of w?
2, 17
Let u = 158 - 147. Suppose -2*h - 3*d + 262 = 0, 6*d = 3*h + u*d - 391. List the prime factors of h.
137
Let p = 36850 - 4128. List the prime factors of p.
2, 16361
Let h(k) = -143*k + 1. Let j be h(-1). Let q = 91 + -20. Let y = j - q. List the prime factors of y.
73
Suppose 7*n - 2521 = 8357. Suppose 1033 = 13*p - n. What are the prime factors of p?
199
Let o(h) = 566*h**2 + 21*h - 17. List the prime factors of o(2).
3, 7, 109
Let o = -137 + 152. What are the prime factors of 5/o - (-1 + 70/(-6))?
13
Suppose 6*x - 3028 = 1166. List the prime factors of x + (-6 - -3 - 1).
5, 139
Suppose y + z - 12 = 0, y + 6*z - 10*z + 13 = 0. Let a(s) = -s**3 + 10*s**2 + 9*s + 5. List the prime factors of a(y).
5, 43
Let k(r) = 11*r + 213. Let i be k(-26). Let d = 428 + -255. Let l = d + i. List the prime factors of l.
2, 5
Suppose 5*m = 3*z + 71, 2*m + z + 0*z = 24. Suppose m*t + 3*l - 121 = 9*t, -l = -2*t + 63. List the prime factors of t.
31
Let q = 69588 - 48769. List the prime factors of q.
109, 191
List the prime factors of 65224/((-4)/(-4)) - -24.
2, 2039
Suppose 5*u + 10 = -0*u, 5*u + 378 = 2*b. Suppose -2*x - 48 = -b. What are the prime factors of x?
2, 17
Let p = 4960 - 4216. What are the prime factors of p?
2, 3, 31
Let d(a) = a**3 + 14*a**2 + 27*a + 8. Let i = -27 + 17. Let f be d(i). List the prime factors of (-15)/(-10)*f - 1.
2, 103
Let u(a) = 123*a + 9470. What are the prime factors of u(83)?
11, 1789
Let y(i) = 112*i**2 - 21*i - 14. List the prime factors of y(-4).
2, 7, 19
Let i(w) = 144*w**3 - w**2 - 2*w. Suppose -4*v + 12 = -4*s, -s = 5*v - 0*v - 9. List the prime factors of i(v).
2, 11, 13
Suppose 4*c - 1 - 19 = 0. Suppose 0*k + 836 = 5*k - 2*s, -k = -c*s - 181. Suppose o = 2*o - 2*j - k, -5*o - 5*j = -770. What are the prime factors of o?
2, 79
Let k = 50 + -93. Let f = -29 - k. Let s = f + -8. List the prime factors of s.
2, 3
Suppose -2*a = b + 1273 - 8944, -3*b + 19179 = 5*a. What are the prime factors of a?
2, 3, 71
Let p = -23 + 27. Suppose 0 = 2*j - 3*b - 35 - 1, 80 = p*j - 2*b. Suppose 17*r + 608 = j*r. List the prime factors of r.
2, 19
Let r(q) = -3*q**3 - 9*q**2 + 2*q + 36. Let f(t) = -10*t**2 - t + 1. Let g be f(-1). What are the prime factors of r(g)?
2, 5, 7
Suppose 314*j - 149*j - 2089395 = 0. What are the prime factors of j?
3, 7, 67
Let a = -643 - -968. Let o be 1/(a/(-165) - -2). Let r = o + 15. List the prime factors of r.
2, 3
Let y(z) = -3*z**2 - 21*z - 15. Let x be y(-6). Suppose 855 + 108 = x*f. What are the prime factors of f?
3, 107
Suppose -7*h = -7938 - 5110. What are the prime factors of h/5 - (-1)/(10/2)?
373
Let r be -8 + 5 + -4*(-132 + -1). Suppose 17*s - r = 933. What are the prime factors of s?
2, 43
Let g(b) = -3*b**2 + 10*b - 9. Let k be g(3). Let r be (-7)/((-21)/k) - -4. Suppose -3*v = -5*s + 10, v - r*v = -s. List the prime factors of s.
5
Suppose 13*h - 11*h = 3*j - 758, 2*h + 258 = j. Suppose 0 = -4*w - r - 389, 2*w - 5*r + 113 = w. Let s = j + w. List the prime factors of s.
2, 19
Let z(x) = 2*x + 24. Let q be z(-13). Let f be q*(-1033)/(-3)*3/(-2). Suppose -5*c - 10*b + 7*b = -f, 0 = -4*c + 3*b + 821. List the prime factors of c.
2, 103
Let p = -42 - -45. Suppose -p*c + c = -5*c. What are the prime factors of 3*(2 - 3) + (c - -40)?
37
Let y = 15460 - -7100. List the prime factors of y.
2, 3, 5, 47
Let t(o) = 2 - 60*o**2 - o + 66*o**2 - 2*o + 0. List the prime factors of t(-3).
5, 13
Let b(m) = -m**3 - 3*m**2 + m - 9. Let s be b(-4). Suppose -7*o + 1560 = s*o. What are the prime factors of o?
2, 3, 13
Suppose 4*p + 170 = 3*a - 49, -5*a + p = -348. Suppose -a*k - 3578 = -2*b - 67*k, b + 2*k - 1789 = 0. What are the prime factors of b?
1789
Suppose -34*h = -44*h + 20. Suppose -3*l = -h*l + 2*a - 821, 5*l - a = 4061. List the prime factors of l.
3, 271
Let y(z) = 68681*z + 840. What are the prime factors of y(1)?
19, 3659
Let t = 1093 + 1717. Suppose t + 3581 = 11*n. What are the prime factors of n?
7, 83
Let t(f) = -4*f + 13*f**2 + 10*f**2 + 10*f**2 - 83 + 1464 - 34*f**2. What are the prime factor